{"id":2217,"date":"2021-04-22T11:07:45","date_gmt":"2021-04-22T09:07:45","guid":{"rendered":"https:\/\/modamo.pl\/?post_type=product&#038;p=2217"},"modified":"2021-05-05T22:34:32","modified_gmt":"2021-05-05T20:34:32","slug":"szorty-eliot","status":"publish","type":"product","link":"https:\/\/modamo.pl\/index.php\/produkt\/szorty-eliot\/","title":{"rendered":"Szorty Eliot"},"content":{"rendered":"","protected":false},"excerpt":{"rendered":"<p><span data-sheets-value=\"{\" data-sheets-userformat=\"{\">Szorty Eliot wykonane zosta\u0142y z najmodniejszego koloru jeansu. Model z wysokim stanem doskonale podkre\u015blaj\u0105cym kobiece atuty. Postrz\u0119piony d\u00f3\u0142 szort\u00f3w oraz przetarcia na ich przodzie nadaj\u0105 niepowtarzalno\u015bci i charakteru. Idealne na letnie wyj\u015bcia z przyjaci\u00f3\u0142mi.<\/span><\/p>\n<p>Szorty wykonane z najwy\u017cszej jako\u015bci denimu, z du\u017c\u0105 ilo\u015bci\u0105 charakterystycznych przetar\u0107 i dziur.\u00a0<span data-sheets-value=\"{\" data-sheets-userformat=\"{\">Idealne dla kobiet ceni\u0105cych sobie swobod\u0119 ruchu i komfort u\u017cytkowania. Zestawione ze sportowym obuwiem lub klapkami stworz\u0105 idealn\u0105 letni\u0105 stylizacj\u0119. Po\u0142\u0105czone z butami na obcasie i modn\u0105 koszul\u0105 sprawdz\u0105 si\u0119 r\u00f3wnie\u017c na bardziej formalne wyj\u015bcia.\u00a0<\/span><\/p>\n","protected":false},"featured_media":2359,"comment_status":"closed","ping_status":"closed","template":"","meta":{"_monsterinsights_skip_tracking":false,"_monsterinsights_sitenote_active":false,"_monsterinsights_sitenote_note":"","_monsterinsights_sitenote_category":0},"product_cat":[111,109,110,113,215],"product_tag":[],"class_list":["post-2217","product","type-product","status-publish","has-post-thumbnail","hentry","product_cat-bestseller","product_cat-kategorie","product_cat-nowosci","product_cat-odziez","product_cat-szorty"],"_links":{"self":[{"href":"https:\/\/modamo.pl\/index.php\/wp-json\/wp\/v2\/product\/2217","targetHints":{"allow":["GET"]}}],"collection":[{"href":"https:\/\/modamo.pl\/index.php\/wp-json\/wp\/v2\/product"}],"about":[{"href":"https:\/\/modamo.pl\/index.php\/wp-json\/wp\/v2\/types\/product"}],"replies":[{"embeddable":true,"href":"https:\/\/modamo.pl\/index.php\/wp-json\/wp\/v2\/comments?post=2217"}],"wp:featuredmedia":[{"embeddable":true,"href":"https:\/\/modamo.pl\/index.php\/wp-json\/wp\/v2\/media\/2359"}],"wp:attachment":[{"href":"https:\/\/modamo.pl\/index.php\/wp-json\/wp\/v2\/media?parent=2217"}],"wp:term":[{"taxonomy":"product_cat","embeddable":true,"href":"https:\/\/modamo.pl\/index.php\/wp-json\/wp\/v2\/product_cat?post=2217"},{"taxonomy":"product_tag","embeddable":true,"href":"https:\/\/modamo.pl\/index.php\/wp-json\/wp\/v2\/product_tag?post=2217"}],"curies":[{"name":"wp","href":"https:\/\/api.w.org\/{rel}","templated":true}]}}