{"id":2214,"date":"2021-04-22T10:37:22","date_gmt":"2021-04-22T08:37:22","guid":{"rendered":"https:\/\/modamo.pl\/?post_type=product&#038;p=2214"},"modified":"2021-05-28T00:00:51","modified_gmt":"2021-05-27T22:00:51","slug":"bluzka-alicante","status":"publish","type":"product","link":"https:\/\/modamo.pl\/index.php\/produkt\/bluzka-alicante\/","title":{"rendered":"Bluzka Alicante"},"content":{"rendered":"","protected":false},"excerpt":{"rendered":"<p>Bluzka Alicante wykonana zosta\u0142a z a\u017curowej bawe\u0142ny. Idealna propozycja do ka\u017cdej letniej stylizacji. Model wzbogacony zosta\u0142 o zapi\u0119cie na trzy ozdobne guziki. Bluzk\u0119 mo\u017cemy nosi\u0107 na ramionach oraz opuszczon\u0105 jak hiszpank\u0119. Przewiewny, naturalny materia\u0142 idealnie sprawdzi si\u0119 na wiosn\u0119 i lato. R\u0119kaw wyko\u0144czony zosta\u0142 gumk\u0105 tworz\u0105c delikatn\u0105 falbank\u0119.\u00a0<\/p>\n<p>Bluzka wykonana zosta\u0142a z 100% naturalnej bawe\u0142ny, dzi\u0119ki czemu sprawdzi si\u0119 fantastycznie\u00a0nawet w bardzo upalnie dni zapewniaj\u0105c\u00a0komfort noszenia.\u00a0Modny kr\u00f3j oraz bia\u0142y kolor pozwala na zestawienie jej w stylizacji miejskiej na przyk\u0142ad do kr\u00f3tkich szort\u00f3w jak r\u00f3wnie\u017c na bardziej oficjalne spotkania ze sp\u00f3dnic\u0105 czy spodniami. Niezale\u017cnie od wybranej wersji zawsze b\u0119dzie wygl\u0105da\u0142a ponadczasowo oraz stylowo.\u00a0<\/p>\n","protected":false},"featured_media":2416,"comment_status":"closed","ping_status":"closed","template":"","meta":{"_monsterinsights_skip_tracking":false,"_monsterinsights_sitenote_active":false,"_monsterinsights_sitenote_note":"","_monsterinsights_sitenote_category":0},"product_cat":[111,121,109,110,113],"product_tag":[],"class_list":["post-2214","product","type-product","status-publish","has-post-thumbnail","hentry","product_cat-bestseller","product_cat-bluzki-i-topy","product_cat-kategorie","product_cat-nowosci","product_cat-odziez"],"_links":{"self":[{"href":"https:\/\/modamo.pl\/index.php\/wp-json\/wp\/v2\/product\/2214","targetHints":{"allow":["GET"]}}],"collection":[{"href":"https:\/\/modamo.pl\/index.php\/wp-json\/wp\/v2\/product"}],"about":[{"href":"https:\/\/modamo.pl\/index.php\/wp-json\/wp\/v2\/types\/product"}],"replies":[{"embeddable":true,"href":"https:\/\/modamo.pl\/index.php\/wp-json\/wp\/v2\/comments?post=2214"}],"wp:featuredmedia":[{"embeddable":true,"href":"https:\/\/modamo.pl\/index.php\/wp-json\/wp\/v2\/media\/2416"}],"wp:attachment":[{"href":"https:\/\/modamo.pl\/index.php\/wp-json\/wp\/v2\/media?parent=2214"}],"wp:term":[{"taxonomy":"product_cat","embeddable":true,"href":"https:\/\/modamo.pl\/index.php\/wp-json\/wp\/v2\/product_cat?post=2214"},{"taxonomy":"product_tag","embeddable":true,"href":"https:\/\/modamo.pl\/index.php\/wp-json\/wp\/v2\/product_tag?post=2214"}],"curies":[{"name":"wp","href":"https:\/\/api.w.org\/{rel}","templated":true}]}}