{"id":2166,"date":"2021-04-21T11:25:22","date_gmt":"2021-04-21T09:25:22","guid":{"rendered":"https:\/\/modamo.pl\/?post_type=product&#038;p=2166"},"modified":"2021-05-05T22:37:06","modified_gmt":"2021-05-05T20:37:06","slug":"sukienka-jasmine-white-len","status":"publish","type":"product","link":"https:\/\/modamo.pl\/index.php\/produkt\/sukienka-jasmine-white-len\/","title":{"rendered":"Sukienka Jasmine White Len"},"content":{"rendered":"","protected":false},"excerpt":{"rendered":"<p>Model Jasmin Len zosta\u0142 wykonany z naturalnego Lnu. Dzi\u0119ki uniwersalnemu rozmiarowi doskonale dopasuje si\u0119 do wszystkich figur. Koszulowy dekolt nadaje dodatkowego uroku. Odci\u0119cie\u00a0na dole sukienki podkre\u015bla jej charakter oraz lekko\u015b\u0107. R\u0119kawy zapinane na ozdobne guziki.<\/p>\n<p>Model stanowi\u0107 mo\u017ce baz\u0119 do stylizacji, zar\u00f3wno w wersji casualowej, jak i wieczorowej. Modna sukienka na ka\u017cd\u0105 okazj\u0119, doskona\u0142y wyb\u00f3r zar\u00f3wno na co dzie\u0144, jak i na romantyczne wyj\u015bcie.\u00a0Zestawiona z butami na wysokim obcasie stworzy idealn\u0105 kreacj\u0119 na przyj\u0119cia, wesela czy te\u017c randk\u0119. Na co dzie\u0144 mo\u017cemy po\u0142\u0105czy\u0107 j\u0105 ze sportowym obuwiem tworz\u0105c casualow\u0105 stylizacj\u0119.<\/p>\n","protected":false},"featured_media":2389,"comment_status":"closed","ping_status":"closed","template":"","meta":{"_monsterinsights_skip_tracking":false,"_monsterinsights_sitenote_active":false,"_monsterinsights_sitenote_note":"","_monsterinsights_sitenote_category":0},"product_cat":[111,109,205,110,113,136,142,206,139,138,144,137],"product_tag":[],"class_list":["post-2166","product","type-product","status-publish","has-post-thumbnail","hentry","product_cat-bestseller","product_cat-kategorie","product_cat-len","product_cat-nowosci","product_cat-odziez","product_cat-sukienki","product_cat-sukienki-koktajlowe","product_cat-sukienki-lniane","product_cat-sukienki-mini","product_cat-sukienki-na-co-dzien","product_cat-sukienki-na-impreze","product_cat-sukienki-na-lato"],"_links":{"self":[{"href":"https:\/\/modamo.pl\/index.php\/wp-json\/wp\/v2\/product\/2166","targetHints":{"allow":["GET"]}}],"collection":[{"href":"https:\/\/modamo.pl\/index.php\/wp-json\/wp\/v2\/product"}],"about":[{"href":"https:\/\/modamo.pl\/index.php\/wp-json\/wp\/v2\/types\/product"}],"replies":[{"embeddable":true,"href":"https:\/\/modamo.pl\/index.php\/wp-json\/wp\/v2\/comments?post=2166"}],"wp:featuredmedia":[{"embeddable":true,"href":"https:\/\/modamo.pl\/index.php\/wp-json\/wp\/v2\/media\/2389"}],"wp:attachment":[{"href":"https:\/\/modamo.pl\/index.php\/wp-json\/wp\/v2\/media?parent=2166"}],"wp:term":[{"taxonomy":"product_cat","embeddable":true,"href":"https:\/\/modamo.pl\/index.php\/wp-json\/wp\/v2\/product_cat?post=2166"},{"taxonomy":"product_tag","embeddable":true,"href":"https:\/\/modamo.pl\/index.php\/wp-json\/wp\/v2\/product_tag?post=2166"}],"curies":[{"name":"wp","href":"https:\/\/api.w.org\/{rel}","templated":true}]}}