{"id":2149,"date":"2021-04-21T09:45:50","date_gmt":"2021-04-21T07:45:50","guid":{"rendered":"https:\/\/modamo.pl\/?post_type=product&#038;p=2149"},"modified":"2021-05-05T22:38:11","modified_gmt":"2021-05-05T20:38:11","slug":"sukienka-april","status":"publish","type":"product","link":"https:\/\/modamo.pl\/index.php\/produkt\/sukienka-april\/","title":{"rendered":"Sukienka April"},"content":{"rendered":"","protected":false},"excerpt":{"rendered":"<p>Sukienka April wykonana zosta\u0142a z 100% bawe\u0142ny, ozdobnej, a\u017curowej tkaniny. Model ten posiada niezwykle kobiecy, romantyczny fason. Model o bardzo \u0142adnym kroju, kt\u00f3ry doskonale podkre\u015bli kobieco\u015b\u0107 i urok, jednocze\u015bnie wysmuklaj\u0105c sylwetk\u0119. R\u0119kawy zako\u0144czone falban\u0105 nadaj\u0105 dziewcz\u0119cego charakteru. Sukienka z ty\u0142u na wysoko\u015bci talii posiada \u015bci\u0105gacz u\u0142atwiaj\u0105cy jej za\u0142o\u017cenie. Rozkloszowany d\u00f3\u0142 sukienki podkre\u015bla jej lekko\u015b\u0107.<\/p>\n<p>Model zosta\u0142 wykonany z bardzo dobrej jako\u015bci a\u017curowej bawe\u0142ny zapewniaj\u0105c wygod\u0119 i komfort noszenia.\u00a0Zestawiona z butami na wysokim obcasie stworzy idealn\u0105 kreacj\u0119 na przyj\u0119cia, wesela czy te\u017c randk\u0119. Na co dzie\u0144 mo\u017cemy po\u0142\u0105czy\u0107 j\u0105 ze sportowym obuwiem tworz\u0105c casualow\u0105 stylizacj\u0119. Sukienka April tworzy wyj\u0105tkowo efektowne i kobiece po\u0142\u0105czenia.\u00a0<\/p>\n","protected":false},"featured_media":2437,"comment_status":"closed","ping_status":"closed","template":"","meta":{"_monsterinsights_skip_tracking":false,"_monsterinsights_sitenote_active":false,"_monsterinsights_sitenote_note":"","_monsterinsights_sitenote_category":0},"product_cat":[111,109,110,113,136,142,139,138,144,137],"product_tag":[],"class_list":["post-2149","product","type-product","status-publish","has-post-thumbnail","hentry","product_cat-bestseller","product_cat-kategorie","product_cat-nowosci","product_cat-odziez","product_cat-sukienki","product_cat-sukienki-koktajlowe","product_cat-sukienki-mini","product_cat-sukienki-na-co-dzien","product_cat-sukienki-na-impreze","product_cat-sukienki-na-lato"],"_links":{"self":[{"href":"https:\/\/modamo.pl\/index.php\/wp-json\/wp\/v2\/product\/2149","targetHints":{"allow":["GET"]}}],"collection":[{"href":"https:\/\/modamo.pl\/index.php\/wp-json\/wp\/v2\/product"}],"about":[{"href":"https:\/\/modamo.pl\/index.php\/wp-json\/wp\/v2\/types\/product"}],"replies":[{"embeddable":true,"href":"https:\/\/modamo.pl\/index.php\/wp-json\/wp\/v2\/comments?post=2149"}],"wp:featuredmedia":[{"embeddable":true,"href":"https:\/\/modamo.pl\/index.php\/wp-json\/wp\/v2\/media\/2437"}],"wp:attachment":[{"href":"https:\/\/modamo.pl\/index.php\/wp-json\/wp\/v2\/media?parent=2149"}],"wp:term":[{"taxonomy":"product_cat","embeddable":true,"href":"https:\/\/modamo.pl\/index.php\/wp-json\/wp\/v2\/product_cat?post=2149"},{"taxonomy":"product_tag","embeddable":true,"href":"https:\/\/modamo.pl\/index.php\/wp-json\/wp\/v2\/product_tag?post=2149"}],"curies":[{"name":"wp","href":"https:\/\/api.w.org\/{rel}","templated":true}]}}