{"id":1848,"date":"2021-04-01T14:15:18","date_gmt":"2021-04-01T12:15:18","guid":{"rendered":"https:\/\/modamotemp.dkonto.pl\/?post_type=product&#038;p=1848"},"modified":"2021-04-01T14:28:31","modified_gmt":"2021-04-01T12:28:31","slug":"spodnie-bett","status":"publish","type":"product","link":"https:\/\/modamo.pl\/index.php\/produkt\/spodnie-bett\/","title":{"rendered":"Spodnie Bett Mom Jeans"},"content":{"rendered":"","protected":false},"excerpt":{"rendered":"<p>Spodnie Mom Jeans w klasycznym odcieniu jeansu to prawdziwy must have. Model Bett zosta\u0142 dodatkowo wzbogacony o dekoracyjne przeszycia. Elementem nadaj\u0105cym wyj\u0105tkowego charakteru jest r\u00f3wnie\u017c wysoki stan z guzikami oraz paskiem dzi\u0119ki kt\u00f3remu osi\u0105gniesz oczekiwany wygl\u0105d i dopasowanie spodni do figury.<br \/>\nJeansy z wysokim stanem, idealnie le\u017c\u0105 na ka\u017cdej figurze i wyszczuplaj\u0105 sylwetk\u0119. Spodnie posiadaj\u0105 po dwie kieszenie z przodu oraz z ty\u0142u.<br \/>\nMom Jeasny s\u0105 bardzo praktyczne dzi\u0119ki mo\u017cliwo\u015bci r\u00f3\u017cnego ich stylizowania. Skomponowany z nimi kr\u00f3tki top tworzy idealn\u0105 opcj\u0119 na co dzie\u0144. Dobieraj\u0105c do nich klasyczne szpiki lub ci\u0119\u017ckie buty uzyskamy wersj\u0119 na imprez\u0119.<\/p>\n<p>&nbsp;<\/p>\n","protected":false},"featured_media":1847,"comment_status":"closed","ping_status":"closed","template":"","meta":{"_monsterinsights_skip_tracking":false,"_monsterinsights_sitenote_active":false,"_monsterinsights_sitenote_note":"","_monsterinsights_sitenote_category":0},"product_cat":[111,175,109,110,113,173],"product_tag":[],"class_list":["post-1848","product","type-product","status-publish","has-post-thumbnail","hentry","product_cat-bestseller","product_cat-jeansy","product_cat-kategorie","product_cat-nowosci","product_cat-odziez","product_cat-spodnie"],"_links":{"self":[{"href":"https:\/\/modamo.pl\/index.php\/wp-json\/wp\/v2\/product\/1848","targetHints":{"allow":["GET"]}}],"collection":[{"href":"https:\/\/modamo.pl\/index.php\/wp-json\/wp\/v2\/product"}],"about":[{"href":"https:\/\/modamo.pl\/index.php\/wp-json\/wp\/v2\/types\/product"}],"replies":[{"embeddable":true,"href":"https:\/\/modamo.pl\/index.php\/wp-json\/wp\/v2\/comments?post=1848"}],"wp:featuredmedia":[{"embeddable":true,"href":"https:\/\/modamo.pl\/index.php\/wp-json\/wp\/v2\/media\/1847"}],"wp:attachment":[{"href":"https:\/\/modamo.pl\/index.php\/wp-json\/wp\/v2\/media?parent=1848"}],"wp:term":[{"taxonomy":"product_cat","embeddable":true,"href":"https:\/\/modamo.pl\/index.php\/wp-json\/wp\/v2\/product_cat?post=1848"},{"taxonomy":"product_tag","embeddable":true,"href":"https:\/\/modamo.pl\/index.php\/wp-json\/wp\/v2\/product_tag?post=1848"}],"curies":[{"name":"wp","href":"https:\/\/api.w.org\/{rel}","templated":true}]}}