{"id":1771,"date":"2021-03-31T18:10:10","date_gmt":"2021-03-31T16:10:10","guid":{"rendered":"https:\/\/modamotemp.dkonto.pl\/?post_type=product&#038;p=1771"},"modified":"2021-04-04T12:01:59","modified_gmt":"2021-04-04T10:01:59","slug":"sukienka-lara","status":"publish","type":"product","link":"https:\/\/modamo.pl\/index.php\/produkt\/sukienka-lara\/","title":{"rendered":"Sukienka Lara"},"content":{"rendered":"","protected":false},"excerpt":{"rendered":"<p>Model sukienki Lara z d\u0142ugim r\u0119kawem doskonale sprawdzi si\u0119 w codziennych stylizacjach oraz bardziej formalnych. Posiada wszyty pasek na wysoko\u015bci talii, dzi\u0119ki czemu nadasz jej odpowiedniego kszta\u0142tu.<br \/>\nModel o lu\u017anym kroju i uniwersalnym rozmiarze pasuj\u0119 na ka\u017cd\u0105 figur\u0119 i dobrze tuszuj\u0119 drobne niedoskona\u0142o\u015bci sylwetki.\u00a0Sukienka nadaje si\u0119 do karmienia i pasuje na ci\u0105\u017cowe brzuszki. Zapinana na trzy ma\u0142e guziki. Posiada halk\u0119, dzi\u0119ki czemu nie prze\u015bwituje oraz zapewnia komfort noszenia.\u00a0Delikatnie bufiaste r\u0119kawy podkre\u015bl\u0105 lekko\u015b\u0107 stylizacji.<br \/>\nModel idealny do but\u00f3w na wysokim obcasie na przyj\u0119cia, wesela czy te\u017c randk\u0119. Mo\u017cemy osi\u0105gn\u0105\u0107 r\u00f3wnie\u017c wersj\u0119 lu\u017aniejsz\u0105 stylizacji. Zestawiona z botkami, kapeluszem i jeasnow\u0105 kurtk\u0105, nabierze codziennego looku.\u00a0Sukienka niezwykle efektowna i kobieca.<\/p>\n","protected":false},"featured_media":1776,"comment_status":"closed","ping_status":"closed","template":"","meta":{"_monsterinsights_skip_tracking":false,"_monsterinsights_sitenote_active":false,"_monsterinsights_sitenote_note":"","_monsterinsights_sitenote_category":0},"product_cat":[111,109,110,113,136,142,140,138,144,137],"product_tag":[],"class_list":["post-1771","product","type-product","status-publish","has-post-thumbnail","hentry","product_cat-bestseller","product_cat-kategorie","product_cat-nowosci","product_cat-odziez","product_cat-sukienki","product_cat-sukienki-koktajlowe","product_cat-sukienki-midi","product_cat-sukienki-na-co-dzien","product_cat-sukienki-na-impreze","product_cat-sukienki-na-lato"],"_links":{"self":[{"href":"https:\/\/modamo.pl\/index.php\/wp-json\/wp\/v2\/product\/1771","targetHints":{"allow":["GET"]}}],"collection":[{"href":"https:\/\/modamo.pl\/index.php\/wp-json\/wp\/v2\/product"}],"about":[{"href":"https:\/\/modamo.pl\/index.php\/wp-json\/wp\/v2\/types\/product"}],"replies":[{"embeddable":true,"href":"https:\/\/modamo.pl\/index.php\/wp-json\/wp\/v2\/comments?post=1771"}],"wp:featuredmedia":[{"embeddable":true,"href":"https:\/\/modamo.pl\/index.php\/wp-json\/wp\/v2\/media\/1776"}],"wp:attachment":[{"href":"https:\/\/modamo.pl\/index.php\/wp-json\/wp\/v2\/media?parent=1771"}],"wp:term":[{"taxonomy":"product_cat","embeddable":true,"href":"https:\/\/modamo.pl\/index.php\/wp-json\/wp\/v2\/product_cat?post=1771"},{"taxonomy":"product_tag","embeddable":true,"href":"https:\/\/modamo.pl\/index.php\/wp-json\/wp\/v2\/product_tag?post=1771"}],"curies":[{"name":"wp","href":"https:\/\/api.w.org\/{rel}","templated":true}]}}