{"id":1491,"date":"2021-03-25T17:58:17","date_gmt":"2021-03-25T16:58:17","guid":{"rendered":"http:\/\/modamotemp.dkonto.pl\/?post_type=product&#038;p=1491"},"modified":"2021-04-06T10:10:53","modified_gmt":"2021-04-06T08:10:53","slug":"sukienka-adriel-biala","status":"publish","type":"product","link":"https:\/\/modamo.pl\/index.php\/produkt\/sukienka-adriel-biala\/","title":{"rendered":"Sukienka Adriel Bia\u0142a"},"content":{"rendered":"","protected":false},"excerpt":{"rendered":"<p>Sukienka Adriel posiada dekolt w kszta\u0142cie litery V. Bardzo przyjemna w dotyku, elegancka, lekka. B\u0119dziesz si\u0119 czu\u0142a niezwykle komfortowo oraz bardzo kobieco dzi\u0119ki podkre\u015blaj\u0105cej figur\u0119 gumce w talii, obni\u017conej linii ramion oraz bufiastym\u00a0r\u0119kawom zako\u0144czonym \u015bci\u0105gaczami. Posiada ukryte kieszenie.<\/p>\n","protected":false},"featured_media":1662,"comment_status":"closed","ping_status":"closed","template":"","meta":{"_monsterinsights_skip_tracking":false,"_monsterinsights_sitenote_active":false,"_monsterinsights_sitenote_note":"","_monsterinsights_sitenote_category":0},"product_cat":[111,109,110,113,136,142,139,138,144,137],"product_tag":[],"class_list":["post-1491","product","type-product","status-publish","has-post-thumbnail","hentry","product_cat-bestseller","product_cat-kategorie","product_cat-nowosci","product_cat-odziez","product_cat-sukienki","product_cat-sukienki-koktajlowe","product_cat-sukienki-mini","product_cat-sukienki-na-co-dzien","product_cat-sukienki-na-impreze","product_cat-sukienki-na-lato"],"_links":{"self":[{"href":"https:\/\/modamo.pl\/index.php\/wp-json\/wp\/v2\/product\/1491","targetHints":{"allow":["GET"]}}],"collection":[{"href":"https:\/\/modamo.pl\/index.php\/wp-json\/wp\/v2\/product"}],"about":[{"href":"https:\/\/modamo.pl\/index.php\/wp-json\/wp\/v2\/types\/product"}],"replies":[{"embeddable":true,"href":"https:\/\/modamo.pl\/index.php\/wp-json\/wp\/v2\/comments?post=1491"}],"wp:featuredmedia":[{"embeddable":true,"href":"https:\/\/modamo.pl\/index.php\/wp-json\/wp\/v2\/media\/1662"}],"wp:attachment":[{"href":"https:\/\/modamo.pl\/index.php\/wp-json\/wp\/v2\/media?parent=1491"}],"wp:term":[{"taxonomy":"product_cat","embeddable":true,"href":"https:\/\/modamo.pl\/index.php\/wp-json\/wp\/v2\/product_cat?post=1491"},{"taxonomy":"product_tag","embeddable":true,"href":"https:\/\/modamo.pl\/index.php\/wp-json\/wp\/v2\/product_tag?post=1491"}],"curies":[{"name":"wp","href":"https:\/\/api.w.org\/{rel}","templated":true}]}}