{"id":1470,"date":"2021-03-25T15:18:51","date_gmt":"2021-03-25T14:18:51","guid":{"rendered":"http:\/\/modamotemp.dkonto.pl\/?post_type=product&#038;p=1470"},"modified":"2021-03-30T15:46:30","modified_gmt":"2021-03-30T13:46:30","slug":"kardigan-noah-puder","status":"publish","type":"product","link":"https:\/\/modamo.pl\/index.php\/produkt\/kardigan-noah-puder\/","title":{"rendered":"Kardigan Noah Puder"},"content":{"rendered":"","protected":false},"excerpt":{"rendered":"<p>Kardigan Noah to klasycznym projekt. Zapinany jest na 4\u00a0ozdobne, metalowe guziki w kolorze r\u00f3\u017cowego z\u0142ota.\u00a0Mo\u017cna nosi\u0107 jako sweterek lub kardigan. Fason lu\u017any z dekoltem w liter\u0119 V. Sprawdzi si\u0119 w codziennych stylizacjach jak r\u00f3wnie\u017c jako uzupe\u0142nienie eleganckiej garderoby.<\/p>\n","protected":false},"featured_media":1590,"comment_status":"closed","ping_status":"closed","template":"","meta":{"_monsterinsights_skip_tracking":false,"_monsterinsights_sitenote_active":false,"_monsterinsights_sitenote_note":"","_monsterinsights_sitenote_category":0},"product_cat":[111,115,109,110,113,114],"product_tag":[],"class_list":["post-1470","product","type-product","status-publish","has-post-thumbnail","hentry","product_cat-bestseller","product_cat-kardigany","product_cat-kategorie","product_cat-nowosci","product_cat-odziez","product_cat-swetry-i-kardigany"],"_links":{"self":[{"href":"https:\/\/modamo.pl\/index.php\/wp-json\/wp\/v2\/product\/1470","targetHints":{"allow":["GET"]}}],"collection":[{"href":"https:\/\/modamo.pl\/index.php\/wp-json\/wp\/v2\/product"}],"about":[{"href":"https:\/\/modamo.pl\/index.php\/wp-json\/wp\/v2\/types\/product"}],"replies":[{"embeddable":true,"href":"https:\/\/modamo.pl\/index.php\/wp-json\/wp\/v2\/comments?post=1470"}],"wp:featuredmedia":[{"embeddable":true,"href":"https:\/\/modamo.pl\/index.php\/wp-json\/wp\/v2\/media\/1590"}],"wp:attachment":[{"href":"https:\/\/modamo.pl\/index.php\/wp-json\/wp\/v2\/media?parent=1470"}],"wp:term":[{"taxonomy":"product_cat","embeddable":true,"href":"https:\/\/modamo.pl\/index.php\/wp-json\/wp\/v2\/product_cat?post=1470"},{"taxonomy":"product_tag","embeddable":true,"href":"https:\/\/modamo.pl\/index.php\/wp-json\/wp\/v2\/product_tag?post=1470"}],"curies":[{"name":"wp","href":"https:\/\/api.w.org\/{rel}","templated":true}]}}