{"id":1462,"date":"2021-03-25T14:56:00","date_gmt":"2021-03-25T13:56:00","guid":{"rendered":"http:\/\/modamotemp.dkonto.pl\/?post_type=product&#038;p=1462"},"modified":"2021-03-30T17:34:20","modified_gmt":"2021-03-30T15:34:20","slug":"kamizelka-pearl-bez","status":"publish","type":"product","link":"https:\/\/modamo.pl\/index.php\/produkt\/kamizelka-pearl-bez\/","title":{"rendered":"Kamizelka Pearl Be\u017c"},"content":{"rendered":"","protected":false},"excerpt":{"rendered":"<p>Kamizelka jest idealnym dope\u0142nieniem stylizacji na ch\u0142odniejsze dni. Zapi\u0119cie w postaci podw\u00f3jnego rz\u0119du zatrzask\u00f3w. Posiada mo\u017cliwo\u015b\u0107 regulacji w pasie poprzez ukryte wewn\u0105trz \u015bci\u0105gacze. Wykonana z dba\u0142o\u015bci\u0105 o ka\u017cdy detal.<\/p>\n","protected":false},"featured_media":1636,"comment_status":"closed","ping_status":"closed","template":"","meta":{"_monsterinsights_skip_tracking":false,"_monsterinsights_sitenote_active":false,"_monsterinsights_sitenote_note":"","_monsterinsights_sitenote_category":0},"product_cat":[111,133,109,110,113,132],"product_tag":[],"class_list":["post-1462","product","type-product","status-publish","has-post-thumbnail","hentry","product_cat-bestseller","product_cat-kamizelki","product_cat-kategorie","product_cat-nowosci","product_cat-odziez","product_cat-okrycia-wierzchnie"],"_links":{"self":[{"href":"https:\/\/modamo.pl\/index.php\/wp-json\/wp\/v2\/product\/1462","targetHints":{"allow":["GET"]}}],"collection":[{"href":"https:\/\/modamo.pl\/index.php\/wp-json\/wp\/v2\/product"}],"about":[{"href":"https:\/\/modamo.pl\/index.php\/wp-json\/wp\/v2\/types\/product"}],"replies":[{"embeddable":true,"href":"https:\/\/modamo.pl\/index.php\/wp-json\/wp\/v2\/comments?post=1462"}],"wp:featuredmedia":[{"embeddable":true,"href":"https:\/\/modamo.pl\/index.php\/wp-json\/wp\/v2\/media\/1636"}],"wp:attachment":[{"href":"https:\/\/modamo.pl\/index.php\/wp-json\/wp\/v2\/media?parent=1462"}],"wp:term":[{"taxonomy":"product_cat","embeddable":true,"href":"https:\/\/modamo.pl\/index.php\/wp-json\/wp\/v2\/product_cat?post=1462"},{"taxonomy":"product_tag","embeddable":true,"href":"https:\/\/modamo.pl\/index.php\/wp-json\/wp\/v2\/product_tag?post=1462"}],"curies":[{"name":"wp","href":"https:\/\/api.w.org\/{rel}","templated":true}]}}